ided by 10.
8
Let k(c) = 3*c - 15. Calculate the remainder when ((-10)/6)/(2/(-54)) is divided by k(9).
9
Let i = -4 + 7. Let s = i - -97. Suppose 7*w - s = 2*w. What is the remainder when 58 is divided by w?
18
What is the remainder when 2187/63 - 4/(-14) is divided by 9?
8
Suppose 5*j + 5 = -70. Calculate the remainder when 9 is divided by (-3)/(-3 - -12)*j.
4
Calculate the remainder when (225/6)/(1/2) is divided by 20.
15
What is the remainder when (5 + -4)/(1/67) is divided by 17?
16
Let b be 40/(-14) - (-4)/(-28). What is the remainder when -11 - -62 - b/1 is divided by 19?
16
Suppose 0 = -5*y + 72 + 173. What is the remainder when y is divided by 26?
23
Let b(w) be the first derivative of w**2/2 - 2*w - 2. Let q be b(4). Suppose -2*l = t - 28, q*l - 5*t - 22 = 18. Calculate the remainder when l is divided by 4.
3
Calculate the remainder when 5 is divided by (0 - (-9)/3)*(-1 + 2).
2
Let l be ((-108)/(-10))/((-8)/(-20)). Suppose 0 = 2*z + z + l. What is the remainder when 22 is divided by -1*(-4 + 1) - z?
10
Let j be 5 + -1 - 0 - 0. Suppose -3*r + 21 = 3*u, -2*r + u + j = -7. What is the remainder when -7*4/4*-3 is divided by r?
3
Let z(r) = -r**2 + 14*r - 13. Let n be z(9). Let d = -22 + n. What is the remainder when 27 is divided by d?
7
Let a(o) = o**3 + 23*o**2 + 12*o - 25. What is the remainder when a(-22) is divided by 11?
8
Suppose -q - 98 = -8*q. Calculate the remainder when 40 is divided by q.
12
Let o = 24 + -22. What is the remainder when (22/3 - o)*3 is divided by 1 - (1*-4 - 1)?
4
Let w(t) be the third derivative of -t**4/24 - 3*t**3/2 - 2*t**2. Calculate the remainder when 4 is divided by w(-12).
1
Let w = 60 - 42. Suppose 0 = -3*n + w + 21. What is the remainder when 38 is divided by n?
12
Let w = 2 + 1. Suppose 0 = w*m - m - 20. What is the remainder when 13 is divided by (4/m)/(1/20)?
5
Suppose 15 = 4*a - 9. Let g(n) = -n**2 - 19*n + 28. What is the remainder when g(-19) is divided by a?
4
Suppose 2*r - 5*j = 4*r - 7, r + 4*j = 2. Suppose 3*w - 4*w - 5*p + 22 = 0, -3*p = -2*w - 8. Calculate the remainder when r is divided by w.
0
Let o = 49 + -23. Calculate the remainder when o is divided by 6.
2
Let a = 39 + -12. Calculate the remainder when a is divided by 15.
12
Let p = 29 - 9. Let y(o) = -o**2 + 4*o - 3. Let m be y(3). Suppose m = b - 5*b + p. Calculate the remainder when 9 is divided by b.
4
Let g be (-2)/(0 - (-4)/(-14)). Let z = -2 - 3. Let k = z + g. What is the remainder when k is divided by 2?
0
Let w = 0 - 0. Suppose w = -t - 3*r + r + 8, -4 = -2*r. Calculate the remainder when 15 is divided by t.
3
Suppose 4*k = 4*h + 86 - 274, h + 3*k = 51. Let n be (32/(-10))/(1/10). Let u = n + h. What is the remainder when 30 is divided by u?
14
Let b(k) = 13*k**2. Let t be b(2). Let z = 93 - t. Calculate the remainder when z is divided by 14.
13
Suppose 0 = -x + 20 - 8. What is the remainder when 1/(-3) - (-106)/3 is divided by x?
11
Let g(x) = 2*x**2 + x - 7. Let t be g(-6). Suppose -b = 5*r + t, -3*b + 8 = 20. Let j = r - -22. Calculate the remainder when 31 is divided by j.
9
Suppose 6 = p + 1. Suppose -m - 316 = -p*m. What is the remainder when m is divided by 20?
19
Suppose 5 = 4*b - 7. Suppose 0*x - 6 = -b*x. Let j = x - 1. What is the remainder when 2 is divided by j?
0
Let m be -2 + 2 + (5 - 1). Suppose 21 = 4*g - c + 4, m*c - 37 = -5*g. Suppose -3*h = 2*h + 25, 2*d = -g*h - 1. Calculate the remainder when 23 is divided by d.
11
Suppose 0 = -9*n + 11*n - 10. What is the remainder when n is divided by 4?
1
What is the remainder when (12/4 - 5) + 27/3 is divided by 2?
1
Let w be 0*(-3 - -1)/(-2). Suppose 3*z + 0*z = w. Suppose 3*b + z*s = -s + 13, 2*b - 14 = 2*s. Calculate the remainder when b is divided by 2.
1
Let w(s) = -3*s - 5. Let l be w(5). Let j = l - -34. What is the remainder when 25 is divided by j?
11
Let m(g) = 2*g - 5. What is the remainder when 24 is divided by m(5)?
4
Let c(a) = 2*a**2 + 6*a - 18. Calculate the remainder when 52 is divided by c(3).
16
Let c(f) = f**2 + 2*f + 5. Let i(l) = -l**2 + l - 1. Let h(r) = -c(r) - 2*i(r). Let k be h(5). What is the remainder when 50 is divided by 50/3 + k/6?
16
Let p = 12 - 8. Suppose 2*f + 68 = 5*r, p*f + 4 = 3*r - 34. Let s = 99 + -60. What is the remainder when s is divided by r?
11
Suppose 0 = 3*n - u - 21, 5*n + 4*u = 15 + 3. Calculate the remainder when 4/16 - (-95)/4 is divided by ((-2)/n)/(2/(-78)).
11
Suppose 0 = x + 4*x - 10. What is the remainder when 73 is divided by (210/4)/7*x?
13
Suppose 0 = -4*m + 52 + 24. Calculate the remainder when 30/(-45)*324/(-4) is divided by m.
16
Let w = 7 + -4. Suppose 0 = w*o - 0*o - 6. Suppose o*y - 3*b = -0*b + 11, 0 = b + 1. Calculate the remainder when y is divided by 2.
0
Let s = 56 + -39. Let l be (-3)/(-1) - (-4)/2. Suppose -5*g + l*r + 25 = 0, r - 15 - 16 = -5*g. What is the remainder when s is divided by g?
5
Suppose -4 = -u + 25. What is the remainder when 114 is divided by u?
27
Suppose -4*s = -2*s - 10. Suppose s*p - 148 = 67. Let z(x) = -x**2 + 9*x + 1. Calculate the remainder when p is divided by z(7).
13
Let j = 99 + -98. Calculate the remainder when 2 is divided by j.
0
Let j(g) = g + 13. What is the remainder when 20 is divided by j(-6)?
6
Let l(t) = t - 5. Let d be l(-8). Let y(i) = -i + 2. What is the remainder when 28 is divided by y(d)?
13
Let c(w) = 13*w - 1. Let l(i) = -i**3 - 12*i**2 - 2*i - 11. Calculate the remainder when c(3) is divided by l(-12).
12
Let k(n) = n**3 + 14*n**2 - 16*n + 9. What is the remainder when k(-15) is divided by 13?
11
Suppose -21 - 73 = -n. Calculate the remainder when n is divided by 19.
18
Let n(v) = -v**2 + v + 4. Let z be n(3). Calculate the remainder when (-50)/6*(z - 1) is divided by (-4)/(-6)*(-216)/(-16).
7
Suppose q + 2 = -0*q. What is the remainder when (4 - 13)*q/6 is divided by 2?
1
Let n = -3 - -84. What is the remainder when n is divided by 21?
18
Let l(b) = -b + 1. Let z be 3*3/9*1. Let g be l(z). Suppose 4*t + g*t - 28 = 0. Calculate the remainder when t is divided by 3.
1
Let j = 1 - -1. Suppose -j*f = -2, -229 = -2*d - 2*d + 3*f. Suppose -2*v = v - 60. Calculate the remainder when d is divided by v.
18
Let w be -1 + (-1)/((-2)/(-8)). Let i(x) = -x - 2. Suppose -5*v - 10 = 5*o, 2*v + 2*v + 3*o + 3 = 0. Calculate the remainder when v is divided by i(w).
0
Let s = 24 + -19. What is the remainder when 13 is divided by s?
3
Let h(s) = 9*s**2 + s. Let n be (4 - 0) + -1 + -1. Calculate the remainder when h(n) is divided by 4/(-18) - (-238)/18.
12
Calculate the remainder when (10/30)/(1/129) is divided by 22.
21
Let n be 1/4 + (-273)/(-12). Suppose 3*s + 2*x - x = 17, n = 4*s + x. Let q = -21 - -37. What is the remainder when q is divided by s?
4
Let o = 12 - 7. Suppose 0 = 2*l + o - 67. Calculate the remainder when l is divided by 16.
15
Suppose 9 = 2*i - 73. Let g be (2 - (2 + -3))*5. Suppose -3*p = -g - 18. What is the remainder when i is divided by p?
8
Let t(f) = f + 6. Let p be (-7)/(-3)*3/(-1). Let s be t(p). Let h(z) = 2*z**2 - 1. What is the remainder when 2 is divided by h(s)?
0
Let h(j) = 2*j**2 + 3*j + 6. What is the remainder when 73 is divided by h(-3)?
13
Suppose 2*j + 3*i = 5, 3*j - 14 = 3*i - i. Calculate the remainder when 50 is divided by j.
2
Suppose 7*v - 28 - 49 = 0. What is the remainder when 14 is divided by v?
3
Suppose -4*u + 2 = 2*s + 4, 3*u + 6 = 0. Suppose -s*v + 5*v + 230 = 5*m, -v = 0. Calculate the remainder when m is divided by 12.
10
Suppose -2*k - 3*k = -10. Suppose -k*u - 10 = -3*u. Let n = 14 - -4. What is the remainder when n is divided by u?
8
Suppose -2*o - 47 = -5*j, -o - 3*o + 5*j = 79. What is the remainder when (-10)/(-8) - (-4)/o is divided by 5/3 + (-4)/6?
0
What is the remainder when ((-7)/2)/(3/(-36)) is divided by 23?
19
Let d = -21 - -39. Let j = d - 5. Calculate the remainder when j is divided by 7.
6
What is the remainder when 94 is divided by (24/3)/((-4)/(-16))?
30
Let g = -21 + 45. Suppose -s + 73 = 27. Calculate the remainder when s is divided by g.
22
Let a(j) = -j**2 + 13*j**3 + 15*j - 13*j - j**3. Calculate the remainder when a(1) is divided by (2/(-4))/((-1)/14).
6
Suppose -b - 7 - 1 = -3*w, 2*b - w - 9 = 0. Suppose 24 = -4*g - 4*j, 0 = -3*g + 5*j + 21 - b. What is the remainder when 25 is div